{"id":11,"date":"2018-01-03T17:32:12","date_gmt":"2018-01-03T16:32:12","guid":{"rendered":"http:\/\/missionpasimpossible.com\/?page_id=11"},"modified":"2018-09-02T20:39:36","modified_gmt":"2018-09-02T18:39:36","slug":"bienvenue","status":"publish","type":"page","link":"https:\/\/missionpasimpossible.com\/?page_id=11","title":{"rendered":"Bienvenue !"},"content":{"rendered":"<figure id=\"attachment_96\" aria-describedby=\"caption-attachment-96\" style=\"width: 1500px\" class=\"wp-caption aligncenter\"><img loading=\"lazy\" decoding=\"async\" class=\"size-full wp-image-96\" src=\"http:\/\/missionpasimpossible.com\/wp-content\/uploads\/2018\/01\/front3.png\" alt=\"Exposition Art Artistes pastel spray-can acrylique et sculpture\" width=\"1500\" height=\"450\" srcset=\"https:\/\/missionpasimpossible.com\/wp-content\/uploads\/2018\/01\/front3.png 1500w, https:\/\/missionpasimpossible.com\/wp-content\/uploads\/2018\/01\/front3-600x180.png 600w, https:\/\/missionpasimpossible.com\/wp-content\/uploads\/2018\/01\/front3-300x90.png 300w, https:\/\/missionpasimpossible.com\/wp-content\/uploads\/2018\/01\/front3-768x230.png 768w, https:\/\/missionpasimpossible.com\/wp-content\/uploads\/2018\/01\/front3-1024x307.png 1024w\" sizes=\"auto, (max-width: 1500px) 100vw, 1500px\" \/><figcaption id=\"caption-attachment-96\" class=\"wp-caption-text\">Exposition 3 Dr\u00f4les de Dames Artistiques organis\u00e9e par Mission pas Impossible<\/figcaption><\/figure>\n<h1 style=\"text-align: center;\"><span style=\"color: #333399;\">En pleine mission de cr\u00e9ation du Site !<\/span><\/h1>\n<p style=\"text-align: center;\">Mission pas Impossible est une association 1901 d\u00e9clar\u00e9e en pr\u00e9fecture <em>(W943004804)<\/em>, sa mission est d&rsquo;ouvrir \u00e0 tous l&rsquo;acc\u00e8s \u00e0 la Cr\u00e9ativit\u00e9.<\/p>\n<p style=\"text-align: center;\">Les supports de l&rsquo;expression artistique sont infinis : peinture, sculpture, arts urbains, ateliers culinaires, \u00e9criture, photographie et arts num\u00e9riques, expression lib\u00e9r\u00e9e par le th\u00e9\u00e2tre, ateliers d&rsquo;art-th\u00e9rapie en initiation aux arts plastiques, entre autres. Au travers d&rsquo;ateliers, d&rsquo;expositions, d\u2019\u00e9v\u00e9nements, Mission pas Impossible d\u00e9veloppe le partage et la joie de cr\u00e9er ensemble.<\/p>\n<h3 style=\"text-align: center;\"><span style=\"color: #333399;\">Votre mission, si vous l&rsquo;acceptez, est de nous rejoindre pour cette nouvelle aventure !<\/span><\/h3>\n<p style=\"text-align: center;\">Mais&#8230; vous pouvez nous suivre sur :\u00a0 <a href=\"https:\/\/www.facebook.com\/missionpasimpossible\">https:\/\/www.facebook.com\/missionpasimpossible<\/a><\/p>\n<p style=\"text-align: center;\">et :\u00a0<a href=\"https:\/\/www.instagram.com\/missionpasimpossible\/\">https:\/\/www.instagram.com\/missionpasimpossible\/<\/a><\/p>\n<p>&nbsp;<\/p>\n<p style=\"text-align: center;\">\n","protected":false},"excerpt":{"rendered":"<p>En pleine mission de cr\u00e9ation du Site ! Mission pas Impossible est une association 1901 d\u00e9clar\u00e9e en pr\u00e9fecture (W943004804), sa mission est d&rsquo;ouvrir \u00e0 tous l&rsquo;acc\u00e8s \u00e0 la Cr\u00e9ativit\u00e9. Les [&hellip;]<\/p>\n","protected":false},"author":1,"featured_media":0,"parent":0,"menu_order":0,"comment_status":"closed","ping_status":"closed","template":"","meta":{"sfsi_plus_gutenberg_text_before_share":"","sfsi_plus_gutenberg_show_text_before_share":"","sfsi_plus_gutenberg_icon_type":"","sfsi_plus_gutenberg_icon_alignemt":"","sfsi_plus_gutenburg_max_per_row":"","footnotes":""},"class_list":["post-11","page","type-page","status-publish","hentry"],"aioseo_notices":[],"_links":{"self":[{"href":"https:\/\/missionpasimpossible.com\/index.php?rest_route=\/wp\/v2\/pages\/11","targetHints":{"allow":["GET"]}}],"collection":[{"href":"https:\/\/missionpasimpossible.com\/index.php?rest_route=\/wp\/v2\/pages"}],"about":[{"href":"https:\/\/missionpasimpossible.com\/index.php?rest_route=\/wp\/v2\/types\/page"}],"author":[{"embeddable":true,"href":"https:\/\/missionpasimpossible.com\/index.php?rest_route=\/wp\/v2\/users\/1"}],"replies":[{"embeddable":true,"href":"https:\/\/missionpasimpossible.com\/index.php?rest_route=%2Fwp%2Fv2%2Fcomments&post=11"}],"version-history":[{"count":9,"href":"https:\/\/missionpasimpossible.com\/index.php?rest_route=\/wp\/v2\/pages\/11\/revisions"}],"predecessor-version":[{"id":423,"href":"https:\/\/missionpasimpossible.com\/index.php?rest_route=\/wp\/v2\/pages\/11\/revisions\/423"}],"wp:attachment":[{"href":"https:\/\/missionpasimpossible.com\/index.php?rest_route=%2Fwp%2Fv2%2Fmedia&parent=11"}],"curies":[{"name":"wp","href":"https:\/\/api.w.org\/{rel}","templated":true}]}}